te p(5).
-122
Let s(w) = 1508*w + 25481. Determine s(-19).
-3171
Let r(z) = 13*z**2 - 932*z + 16723. Calculate r(41).
364
Let i(b) = 3*b**2 - 213*b + 184. What is i(71)?
184
Let w(l) = 60*l - 14158. What is w(236)?
2
Let r(k) = -1910*k + 126774. Calculate r(68).
-3106
Let u(c) = 457*c**3 + c**2 - 82*c - 83. Determine u(-1).
-457
Let s(o) = 233*o**3 + 2*o**2 - 6*o - 9. Calculate s(-1).
-234
Let o(d) = 193*d**2 - 6886*d - 2171. Determine o(36).
61
Let i(j) = 406*j + 776. Calculate i(-2).
-36
Let w(q) = 104*q**3 + q**2 + 41*q + 116. Calculate w(-3).
-2806
Let z(d) = 1183*d - 220983. What is z(187)?
238
Let n(o) = 7*o**3 + 110*o**2 + 254*o + 14. What is n(-13)?
-77
Let d(y) = -44*y**2 + 6256*y - 1133. Give d(142).
3
Let y(c) = -c**3 - 22*c**2 - 14*c - 522. Calculate y(-24).
966
Let q(x) = -796*x + 9573. Give q(12).
21
Let x(y) = 192*y**2 + 560*y - 47. Determine x(-3).
1
Let t(j) = 67*j**3 - 540*j**2 + j + 248. Calculate t(8).
0
Let v(d) = 837*d - 12485. What is v(12)?
-2441
Let m(p) = -62*p**2 - 65606*p - 10576. Determine m(-1058).
4
Let m(a) = -a**3 + 132*a**2 + 9*a - 18160. Determine m(131).
180
Let a(q) = -17471*q - 541599. Determine a(-31).
2
Let b(a) = 31*a**2 + 4906*a + 6169. Give b(-157).
46
Let i(g) = 3592*g + 57476. Determine i(-16).
4
Let k(m) = -4*m**2 - 179*m - 1221. Determine k(-38).
-195
Let m(j) = -186*j**2 - 5962*j - 330. Determine m(-32).
-10
Let k(q) = 78545*q + 1963628. Determine k(-25).
3
Let i(s) = -2155*s**3 - 43102*s**2 - 37*s + 69. Give i(-20).
9
Let i(o) = o**3 - 155*o**2 + 178*o - 27619. Give i(155).
-29
Let q(d) = -d**2 + 534*d - 69016. Determine q(315).
-31
Let k(p) = p**2 + 140*p - 3489. Give k(-161).
-108
Let m(b) = 2063363*b - 12380185. Give m(6).
-7
Let n(q) = q**3 + 233*q**2 + 1622*q + 9066. Determine n(-226).
26
Let l(h) = h**3 - 9*h**2 - 3608*h + 35979. Give l(10).
-1
Let r(m) = 124*m - 19318. Calculate r(161).
646
Let o(a) = a**3 + 61*a**2 + 10681*a + 680825. Determine o(-63).
-16
Let h(v) = 2*v**3 + 61*v**2 + 656*v + 8243. What is h(-24)?
-13
Let r(p) = -76*p - 2728. Give r(-40).
312
Let i(t) = 1423*t + 556256. What is i(-391)?
-137
Let m(z) = 28*z - 685. Determine m(-26).
-1413
Let l(h) = -2*h**2 - 437*h + 256471. Determine l(265).
216
Let p(a) = 235*a + 11376. Calculate p(-49).
-139
Let g(y) = -5*y**3 - 897*y**2 + 3700*y + 4. Determine g(4).
132
Let w(f) = f**3 - f**2 + 4*f + 6. Calculate w(7).
328
Let r(g) = -3*g**3 - 34*g**2 - 14*g - 67. Give r(-11).
-34
Let w(x) = 13*x**2 - 119*x + 112. What is w(-6)?
1294
Let j(o) = 1594*o + 43038. Calculate j(-27).
0
Let q(c) = 3*c**3 + 65*c**2 + 1343*c + 30036. Calculate q(-22).
6
Let i(s) = -29545*s - 502620. Give i(-17).
-355
Let y(z) = 233*z**2 - 5586*z - 174. What is y(24)?
-30
Let w(h) = h**3 + 116*h**2 + 110*h - 627. Determine w(-115).
-52
Let n(y) = -594*y - 90331. What is n(-152)?
-43
Let f(w) = 577*w + 15007. Determine f(-23).
1736
Let q(h) = 2024*h + 133064. Give q(-66).
-520
Let l(v) = -1333*v - 73388. Give l(-55).
-73
Let t(m) = -3*m**3 + 42*m**2 - 21*m + 309. Calculate t(14).
15
Let r(z) = -z**2 - 1790*z + 1436989. Calculate r(601).
-2
Let b(r) = 430*r**3 + 2577*r**2 - 18*r - 21. Calculate b(-6).
-21
Let f(x) = 20691*x - 186222. Calculate f(9).
-3
Let k(a) = -2*a**2 - 628*a - 19976. Determine k(-278).
40
Let d(l) = 1517*l + 3036. What is d(-2)?
2
Let o(b) = -151*b - 35851. Calculate o(-237).
-64
Let b(c) = -c**3 - 79*c**2 - 1507*c - 583. What is b(-31)?
6
Let o(s) = -8*s**2 - 117400*s - 234768. Calculate o(-2).
0
Let k(m) = 128*m**2 + 19468*m + 1161. Give k(-152).
-663
Let p(q) = q**2 - 931*q + 178093. What is p(662)?
15
Let n(x) = 17179*x - 893252. Determine n(52).
56
Let n(z) = -2*z**3 + 210*z**2 - 4607*z + 149. What is n(31)?
-440
Let n(d) = -99*d**2 + 187*d - 1. Give n(4).
-837
Let w(k) = -21*k**3 - 251*k**2 - 141*k - 1893. Calculate w(-12).
-57
Let h(l) = 794*l + 277941. What is h(-350)?
41
Let b(y) = 271*y + 11163. What is b(-40)?
323
Let q(c) = -400*c**2 + 28*c + 80. Give q(-3).
-3604
Let w(q) = 407*q**2 + 759*q - 2267. Determine w(3).
3673
Let c(d) = 95*d**2 - 67596*d - 31336. Calculate c(712).
-8
Let c(x) = 560*x + 2524. Calculate c(-5).
-276
Let p(m) = -18*m**2 + 1225*m + 2408. Determine p(70).
-42
Let n(x) = 2301*x - 103575. What is n(45)?
-30
Let x(l) = l**2 - 7856*l - 482936. What is x(-61)?
1
Let w(j) = -3*j**3 - 3*j**2 + 9*j - 33. What is w(-5)?
222
Let g(z) = -35*z**2 + 3642*z - 144. Determine g(104).
64
Let w(z) = -51704*z + 206802. Calculate w(4).
-14
Let x(a) = a**2 + 656*a - 7322. Determine x(11).
15
Let r(o) = 3575346*o - 7150691. Give r(2).
1
Let y(t) = -784*t + 49126. Determine y(62).
518
Let b(o) = 39063*o + 156248. Calculate b(-4).
-4
Let i(q) = -6323*q + 31691. What is i(5)?
76
Let u(m) = 3*m + 204. Determine u(45).
339
Let b(x) = x**3 + 56*x**2 - 84*x - 28654. Give b(-41).
5
Let v(a) = -3184*a - 111430. Calculate v(-35).
10
Let o(x) = -15*x**2 - 1602*x - 1618. Give o(-106).
-346
Let y(h) = -h**2 - 1400*h - 25338. Give y(-18).
-462
Let a(d) = 23468*d - 140845. What is a(6)?
-37
Let p(a) = 162462*a + 10072651. Give p(-62).
7
Let r(i) = i**3 - 15*i**2 - 335*i + 1536. Determine r(4).
20
Let z(w) = 17346*w + 225459. What is z(-13)?
-39
Let u(z) = 16*z**2 + 495*z + 94. Give u(-31).
125
Let q(j) = 13783*j + 55208. What is q(-4)?
76
Let o(c) = 136913*c + 4107398. Calculate o(-30).
8
Let i(b) = 73*b**2 + 7517*b + 146. Give i(-103).
352
Let i(s) = -3*s**3 - 96*s**2 + 37*s - 5684. Determine i(-34).
-6
Let g(q) = -67*q**2 + 280*q + 686. Determine g(6).
-46
Let s(i) = -3*i**2 + 379*i - 1462. Determine s(4).
6
Let t(x) = 1349*x**2 - 18882*x - 51. Calculate t(14).
5
Let w(i) = -25744*i - 617852. Determine w(-24).
4
Let r(t) = 9*t**3 + 35*t**2 + 37*t + 23. Determine r(-3).
-16
Let r(u) = u**2 - 155*u + 5922. Calculate r(87).
6
Let o(c) = -5*c**3 - 144*c**2 - 16609*c - 482515. Calculate o(-29).
-13
Let m(y) = 222*y - 59309. Calculate m(267).
-35
Let z(x) = 6*x**2 - 1807*x + 14337. Give z(8).
265
Let m(v) = -6950*v + 2. Give m(0).
2
Let l(m) = -317524*m + 1270040. Give l(4).
-56
Let q(l) = 35*l**2 - 3788*l + 71234. Calculate q(84).
2
Let a(y) = 56454*y + 282273. Give a(-5).
3
Let v(q) = q**3 - 850*q**2 + 20609*q + 13227. What is v(825)?
27
Let a(g) = 2*g**2 - 506*g - 62612. Determine a(344).
-4
Let d(y) = y**2 + 49038*y - 588562. Calculate d(12).
38
Let q(r) = -2*r**2 - 909*r - 81313. Give q(-332).
27
Let z(n) = n**3 + 766*n**2 - 16579*n - 40932. Give z(-787).
-8
Let a(i) = -i**2 + 20580*i + 391236. Determine a(-19).
-145
Let j(u) = 5*u**3 - 178*u**2 - 151*u + 2691. What is j(36)?
-153
Let v(o) = -23*o**2 + 1272*o - 16237. Calculate v(20).
3
Let q(o) = 8*o**2 + 30*o - 158. What is q(10)?
942
Let t(z) = 3*z**3 - 69*z**2 + 2833*z - 65157. Give t(23).
2
Let c(w) = 31*w**2 + 634*w + 208. Determine c(-20).
-72
Let c(m) = -575*m**2 + 32200*m - 41. Give c(56).
-41
Let l(w) = w**2 + 409*w - 36903. What is l(76)?
-43
Let i(n) = -3549*n**2 + 3742*n - 1. Calculate i(1).
192
Let b(h) = h**3 - h**2 - 615*h + 4. Give b(0).
4
Let a(y) = -60072*y - 18021598. Determine a(-300).
2
Let o(b) = -20*b**3 + 3860*b**2 + 14*b + 396. What is o(193)?
3098
Let y(o) = -8378*o - 1709107. Determine y(-204).
5
Let v(m) = -206*m**2 - 10737*m - 114. Calculate v(-52).
1186
Let b(q) = 39240*q + 706195. Give b(-18).
-125
Let v(b) = 406*b - 30228. Give v(73).
-590
Let k(d) = -15*d**2 + 31*d - 351. What is k(8)?
-1063
Let f(p) = -2*p**3 - 401*p**2 - 2528*p - 1160. Determine f(-194).
4
Let h(g) = 497*g**2 + 38267*g - 79. Give h(-77).
75
Let l(n) = -3*n**3 + 108*n**2 - 42*n + 40. Give l(36).
-1472
Let r(m) = -79*m**2 + 45027*m + 1790. Give r(570).
80
Let o(u) = -9358*u - 449293. What is o(-48)?
-109
Let k(a) = -a**3 - 1167*a**2 - 105756*a - 2373. Determine k(-99).
3
Let u(q) = -68*q**2 - 55834*q - 60718. Calculate u(-820).
-38
Let w(v) = v**3 + 52*v**2 + 379*v - 239. Calculate w(-43).
105
Let n(x) = 15*x**3 - 92*x**2 + 112*x - 690. Give n(6).
-90
Let d(c) = c**3 - 407*c**2 + 980*c + 93719. What is d(404)?
-9
Let f(k) = 4953*k + 114013. Determine f(-23).
94
Let z(f) = -f**3 - 208*f**2 + 10588*f + 21996. Give z(-250).
-4
Let q(y) = 102*y + 8971. Give q(-88).
-5
Let o(x) = -533*x - 50500. What is o(-95)?
135
Let a(m) = 29*m + 1625. Give a(-21).
1016
Let f(s) = 175*s**2 + 284198*s - 3241